on factor of 945 and 175?
35
Calculate the greatest common divisor of 2509 and 13.
13
What is the highest common factor of 9 and 24?
3
Calculate the highest common divisor of 2951 and 117.
13
Calculate the highest common divisor of 8680 and 70.
70
What is the greatest common factor of 14 and 1134?
14
Calculate the highest common factor of 18 and 1458.
18
What is the highest common factor of 30 and 3990?
30
Calculate the highest common factor of 1240 and 1395.
155
What is the greatest common factor of 57 and 112404?
57
Calculate the greatest common factor of 3379 and 109.
109
Calculate the greatest common divisor of 154 and 1610.
14
What is the highest common divisor of 79 and 632?
79
Calculate the highest common divisor of 624 and 24.
24
What is the greatest common divisor of 3653 and 13?
13
What is the greatest common factor of 6138 and 62?
62
Calculate the greatest common factor of 228 and 570.
114
What is the highest common divisor of 299 and 559?
13
What is the highest common divisor of 936 and 36?
36
Calculate the greatest common factor of 22504 and 464.
232
What is the highest common divisor of 942 and 18?
6
Calculate the greatest common factor of 29 and 23519.
29
Calculate the greatest common divisor of 255 and 5049.
51
Calculate the greatest common divisor of 31 and 1860.
31
What is the highest common divisor of 2375 and 2000?
125
What is the highest common factor of 84 and 1392?
12
Calculate the greatest common divisor of 70 and 4310.
10
Calculate the highest common divisor of 400 and 25.
25
What is the highest common factor of 171 and 57?
57
What is the highest common divisor of 12 and 21?
3
Calculate the greatest common factor of 10 and 365.
5
What is the highest common divisor of 134 and 335?
67
Calculate the greatest common factor of 201 and 58893.
201
What is the greatest common factor of 2884 and 28?
28
Calculate the greatest common divisor of 851 and 37.
37
Calculate the greatest common factor of 33 and 8.
1
What is the greatest common divisor of 480 and 264?
24
What is the greatest common divisor of 28 and 126?
14
Calculate the highest common divisor of 21140 and 20.
20
Calculate the greatest common divisor of 14720 and 32.
32
What is the greatest common factor of 35 and 945?
35
What is the greatest common factor of 74 and 1702?
74
What is the greatest common divisor of 233 and 1165?
233
What is the highest common divisor of 49 and 49?
49
Calculate the greatest common factor of 1164 and 24.
12
Calculate the highest common divisor of 180 and 60.
60
Calculate the highest common factor of 2688 and 2520.
168
Calculate the greatest common divisor of 189 and 57.
3
What is the highest common divisor of 255 and 51?
51
Calculate the greatest common factor of 38862 and 612.
306
What is the highest common divisor of 885 and 12095?
295
What is the highest common divisor of 192 and 156?
12
What is the greatest common factor of 1568 and 49?
49
Calculate the greatest common factor of 2703 and 867.
51
What is the greatest common factor of 6020 and 60?
20
Calculate the greatest common factor of 151 and 17818.
151
What is the highest common divisor of 26 and 117?
13
Calculate the greatest common divisor of 124 and 403.
31
Calculate the highest common divisor of 94 and 5687.
47
What is the highest common divisor of 52 and 5915?
13
Calculate the greatest common factor of 56 and 12.
4
What is the highest common factor of 10 and 6130?
10
What is the greatest common factor of 14 and 17206?
14
What is the highest common factor of 10489 and 34?
17
What is the highest common factor of 447 and 3?
3
What is the greatest common factor of 7632 and 18?
18
Calculate the highest common divisor of 2336 and 1184.
32
What is the highest common factor of 22 and 1265?
11
Calculate the highest common divisor of 20 and 45860.
20
What is the greatest common factor of 14641 and 11?
11
What is the greatest common factor of 525 and 825?
75
Calculate the highest common divisor of 7 and 28.
7
What is the highest common factor of 980 and 32?
4
Calculate the highest common divisor of 248 and 64.
8
What is the greatest common divisor of 55 and 22?
11
What is the highest common factor of 7 and 2933?
7
Calculate the highest common factor of 372 and 12.
12
What is the highest common factor of 5 and 145?
5
Calculate the highest common factor of 2500 and 100.
100
What is the greatest common factor of 71060 and 20?
20
Calculate the greatest common divisor of 28 and 24038.
14
What is the highest common factor of 117 and 8658?
117
Calculate the greatest common divisor of 121 and 1936.
121
Calculate the greatest common factor of 15 and 39.
3
What is the highest common divisor of 917 and 3406?
131
Calculate the highest common divisor of 255 and 15.
15
Calculate the highest common factor of 38 and 2489.
19
What is the greatest common factor of 325 and 5?
5
Calculate the greatest common divisor of 351 and 13.
13
Calculate the highest common divisor of 350 and 1260.
70
Calculate the greatest common divisor of 52 and 299.
13
Calculate the highest common divisor of 3534 and 171.
57
What is the greatest common factor of 217 and 2945?
31
What is the highest common divisor of 611 and 94?
47
What is the highest common factor of 36 and 21654?
18
Calculate the greatest common divisor of 251 and 10291.
251
Calculate the highest common divisor of 18 and 1206.
18
What is the highest common factor of 4194 and 4?
2
Calculate the greatest common factor of 28 and 182.
14
What is the highest common divisor of 63 and 371?
7
Calculate the greatest common factor of 704 and 1472.
64
What is the greatest common divisor of 2144 and 2479?
67
Calculate the greatest common factor of 7 and 7.
7
What is the highest common divisor of 6 and 9738?
6
What is the highest common divisor of 575 and 100?
25
Calculate the greatest common divisor of 11 and 2398.
11
What is the greatest common factor of 54 and 90?
18
Calculate the greatest common divisor of 783 and 116.
29
What is the highest common factor of 3 and 57?
3
Calculate the highest common divisor of 26 and 39.
13
What is the greatest common factor of 237 and 3?
3
What is the highest common factor of 27 and 12?
3
What is the highest common divisor of 536 and 469?
67
Calculate the greatest common divisor of 129 and 3.
3
What is the highest common factor of 30 and 708?
6
What is the greatest common factor of 15 and 140?
5
Calculate the greatest common divisor of 110 and 60.
10
Calculate the highest common divisor of 4779 and 243.
81
What is the highest common factor of 15 and 69?
3
What is the greatest common factor of 11 and 253?
11
Calculate the highest common divisor of 45 and 63.
9
What is the greatest common divisor of 476 and 51?
17
What is the greatest common factor of 68 and 12?
4
What is the highest common factor of 315 and 105?
105
Calculate the greatest common divisor of 476 and 1547.
119
Calculate the greatest common divisor of 13552 and 7.
7
What is the highest common divisor of 1634 and 38?
38
What is the greatest common factor of 21 and 21?
21
What is the greatest common factor of 13952 and 218?
218
Calculate the greatest common divisor of 74 and 2738.
74
What is the greatest common factor of 176 and 24?
8
Calculate the highest common divisor of 117 and 45.
9
Calculate the greatest common divisor of 1440 and 666.
18
Calculate the highest common factor of 209 and 38.
19
Calculate the highest common factor of 493 and 85.
17
Calculate the greatest common factor of 9159 and 258.
129
What is the highest common divisor of 1053 and 39?
39
What is the highest common factor of 448 and 14?
14
What is the highest common divisor of 17 and 1751?
17
What is the greatest common divisor of 99 and 1683?
99
Calculate the highest common divisor of 2 and 26.
2
What is the greatest common factor of 3227 and 7?
7
What is the greatest common divisor of 1014 and 208?
26
What is the highest common factor of 17063 and 339?
113
Calculate the highest common divisor of 1 and 16.
1
What is the highest common factor of 10 and 25?
5
Calculate the greatest common divisor of 30 and 6.
6
Calculate the highest common factor of 210 and 42.
42
What is the greatest common factor of 371 and 212?
53
What is the greatest common factor of 1060 and 1855?
265
Calculate the highest common div